1. Give f(-1).
264
Let c(d) = 5*d**2 - 45*d + 89. What is c(2)?
19
Let h(z) = -z**2 + 58*z - 169. What is h(36)?
623
Let r(f) = f**3 + 5*f**2 - 54*f - 281. Calculate r(-6).
7
Let m(q) = 2*q**3 + 26*q**2 + 18*q - 17. Determine m(-12).
55
Let y(u) = 225*u + 451. Determine y(-2).
1
Let s(c) = -19*c + 988. What is s(52)?
0
Let n(x) = -x**3 + 41*x**2 - 48*x + 273. Determine n(40).
-47
Let q(j) = j**2 - 65*j - 1453. What is q(83)?
41
Let s(b) = b**2 + 14*b - 1965. Determine s(-52).
11
Let u(g) = 100*g + 170. Calculate u(-2).
-30
Let b(l) = -167*l**2 + 6*l + 8. Calculate b(-1).
-165
Let a(p) = -7*p**2 + 132*p - 486. What is a(5)?
-1
Let p(m) = m**3 - 2*m**2 + 4*m - 7. What is p(2)?
1
Let f(r) = -18*r + 211. Determine f(58).
-833
Let m(n) = n**3 - 52*n**2 - 107*n - 51. Calculate m(54).
3
Let w(q) = 4*q**3 + 212*q**2 - 12*q - 629. Calculate w(-53).
7
Let d(i) = 10*i + 418. What is d(-49)?
-72
Let v(f) = -38*f**2 + 575*f - 82. Calculate v(15).
-7
Let k(h) = -4*h**2 + 29*h - 154. Give k(4).
-102
Let x(y) = y**2 + 86*y - 650. Determine x(-93).
1
Let q(s) = -2*s**3 + 33*s**2 + 317*s - 82. Calculate q(-7).
2
Let a(c) = -c**3 + 9*c**2 - 16*c + 17. Calculate a(9).
-127
Let t(a) = -2*a**2 - 85*a - 663. Determine t(-34).
-85
Let g(v) = 636*v - 2551. Give g(4).
-7
Let j(c) = -6*c**2 + 100*c + 403. Give j(-4).
-93
Let b(k) = k**3 + 12*k**2 - 21*k + 17. Determine b(-13).
121
Let j(n) = n**3 - 14*n**2 - 24*n + 329. What is j(14)?
-7
Let s(i) = 32*i**2 - 537*i - 99. Calculate s(17).
20
Let p(q) = -q**3 + 31*q**2 + 30*q - 1810. Give p(30).
-10
Let q(f) = -840*f - 1610. What is q(-2)?
70
Let g(j) = -11*j - 100. Calculate g(-13).
43
Let y(l) = l**3 + 17*l**2 + 290*l - 1046. Determine y(3).
4
Let q(k) = -21*k + 1872. Give q(88).
24
Let n(p) = 4*p**2 + 375*p - 1487. Calculate n(4).
77
Let k(f) = 26*f**3 - 47*f**2 - 4*f. Give k(3).
267
Let v(l) = l**2 + 52*l + 469. Determine v(-40).
-11
Let b(r) = 3*r**2 + 4*r - 24. Calculate b(-7).
95
Let i(h) = -h**2 - 715*h - 27000. Calculate i(-40).
0
Let y(b) = -4*b**3 - 11*b**2 + 20*b + 9. What is y(-4)?
9
Let x(u) = u**2 - 520*u + 67429. Give x(247).
-2
Let j(s) = -2*s**3 - 19*s**2 + 53*s - 83. What is j(-12)?
1
Let a(f) = -350*f + 367. What is a(1)?
17
Let n(l) = 2268*l + 197314. Calculate n(-87).
-2
Let i(q) = -733*q + 1480. What is i(2)?
14
Let p(w) = -3*w**2 - 45*w + 9. Give p(-16).
-39
Let t(s) = 5*s**2 - 182*s - 1945. Give t(45).
-10
Let t(a) = -2*a**2 + 81*a + 23. Determine t(46).
-483
Let l(q) = 2*q**2 - 9383*q + 56228. What is l(6)?
2
Let z(l) = 25*l + 12. Calculate z(-2).
-38
Let u(v) = 253*v + 1996. Calculate u(-8).
-28
Let q(f) = -7*f**3 + 11*f**2 + f - 28. What is q(-3)?
257
Let y(f) = 3*f**2 - 39*f - 21. What is y(14)?
21
Let w(r) = 4*r**2 + 41*r + 140. Give w(-6).
38
Let z(u) = -7*u**3 + 21*u**2 + 50*u - 17. What is z(6)?
-473
Let y(f) = 34*f**2 - 1391*f - 121. What is y(41)?
2
Let r(q) = q**2 - 19. Give r(7).
30
Let u(f) = 7*f**2 + 105*f + 15. Calculate u(-15).
15
Let f(c) = -308*c + 2435. Determine f(8).
-29
Let q(j) = -396*j - 6733. What is q(-17)?
-1
Let i(s) = -s**3 + 10*s**2 - 43*s + 432. Calculate i(10).
2
Let f(a) = -194*a - 5047. Calculate f(-26).
-3
Let w(f) = -f**3 - 69*f**2 + 221*f - 2. Give w(3).
13
Let c(z) = -2*z**3 + 67*z**2 + 184*z - 2772. What is c(35)?
-7
Let u(c) = c**3 - 43*c**2 + 367*c + 162. What is u(31)?
7
Let y(m) = -9*m - 111. Determine y(-19).
60
Let u(g) = 5*g + 115. What is u(-32)?
-45
Let k(x) = -135*x + 7232. What is k(56)?
-328
Let l(j) = 3*j + 236. Determine l(-46).
98
Let s(o) = o**3 + 30*o**2 + 187*o - 8. Calculate s(-9).
10
Let a(w) = 28*w - 111. What is a(5)?
29
Let n(j) = -2*j**2 + 202*j + 135. Determine n(101).
135
Let j(u) = 4*u**3 + 2*u**2 - 442*u - 891. Calculate j(-2).
-31
Let j(x) = -6*x**2 + 79*x - 132. Calculate j(11).
11
Let k(g) = -3*g**3 - 9*g**2 + 122*g + 14. Give k(-8).
-2
Let m(z) = 1862*z + 11184. Give m(-6).
12
Let j(r) = -2*r**2 - 32*r - 2. Give j(-16).
-2
Let x(z) = -z**3 + 37*z**2 - 40*z + 122. Give x(36).
-22
Let h(q) = -351*q + 370. Calculate h(1).
19
Let s(q) = q**3 - q**2 + 36*q + 136. Give s(-3).
-8
Let z(o) = -880*o + 3308. What is z(4)?
-212
Let p(a) = 2*a**3 + 161*a**2 - 79*a + 172. What is p(-81)?
10
Let f(v) = 35*v + 437. What is f(-18)?
-193
Let y(q) = 2*q - 40. Calculate y(31).
22
Let k(c) = -635*c - 4438. Calculate k(-7).
7
Let x(m) = 2*m**3 + 113*m**2 + 1578*m + 86. Calculate x(-25).
11
Let q(w) = -99*w + 2606. What is q(26)?
32
Let o(r) = -r**2 + 35*r + 53. What is o(38)?
-61
Let q(n) = -27*n**2 + 9*n - 6. Give q(1).
-24
Let t(n) = 2*n**2 + 1611*n - 14671. Determine t(9).
-10
Let v(q) = 489*q - 53309. Determine v(109).
-8
Let k(l) = -3*l**2 - 1263*l - 8795. What is k(-7)?
-101
Let q(o) = -484*o**2 + 13068*o - 14. Calculate q(27).
-14
Let p(w) = w**2 - 30*w - 47. Give p(23).
-208
Let q(d) = d**2 + 118*d - 1060. Calculate q(10).
220
Let s(o) = 322*o**2 - 8. Give s(-1).
314
Let c(p) = p**3 - 42*p**2 + 447*p - 90. Calculate c(22).
64
Let r(q) = 105*q + 141. What is r(-2)?
-69
Let c(s) = 11*s + 91. What is c(-12)?
-41
Let c(v) = -v**3 - 51*v**2 - 3*v - 153. What is c(-51)?
0
Let g(f) = 292*f - 614. Give g(2).
-30
Let v(x) = x**3 - 5*x**2 - 4*x - 21. Calculate v(6).
-9
Let s(a) = 51*a - 520. Determine s(9).
-61
Let t(a) = a**3 + 66*a**2 + 128*a + 8. Determine t(-64).
8
Let p(c) = -c**3 - 10*c**2 - 5*c - 45. What is p(-7)?
-157
Let h(c) = 22*c**2 - c - 81. Determine h(6).
705
Let n(u) = 2*u**2 + 186*u + 1660. Give n(-83).
0
Let a(q) = 47*q - 396. Calculate a(9).
27
Let i(d) = -d**3 - 129*d**2 - 1998*d + 2. Give i(-111).
2
Let m(y) = -2*y**2 + 106*y - 907. Determine m(11).
17
Let g(f) = -4*f**3 + 114*f**2 + 179*f + 19. Give g(30).
-11
Let x(k) = k**3 - 44*k**2 + 129*k - 36. Give x(3).
-18
Let z(q) = q**2 - 21*q - 461. What is z(37)?
131
Let w(g) = 80*g - 507. Calculate w(8).
133
Let v(t) = -115*t. Give v(0).
0
Let z(w) = -12*w + 95. Calculate z(7).
11
Let m(z) = 139*z - 4280. What is m(29)?
-249
Let w(b) = -84*b - 1091. Calculate w(-14).
85
Let o(c) = -c**3 - 23*c**2 - 23*c + 42. What is o(-22)?
64
Let z(p) = 34*p + 597. What is z(-18)?
-15
Let h(v) = -143*v - 2727. What is h(-19)?
-10
Let k(a) = 12*a - 180. Determine k(22).
84
Let i(m) = 12*m**3 - 226*m**2 - 38*m + 4. Determine i(19).
4
Let j(u) = -u**3 + 71*u**2 - 640*u + 25. Calculate j(11).
245
Let y(n) = -n**2 - 6*n + 47. What is y(12)?
-169
Let z(p) = p**2 - 511*p + 12154. Determine z(25).
4
Let h(o) = -o**2 - 134*o - 1245. Determine h(-9).
-120
Let t(h) = 16*h + 674. What is t(-43)?
-14
Let w(b) = 65*b - 85. Calculate w(2).
45
Let b(h) = 145*h + 4840. Calculate b(-33).
55
Let p(r) = r**3 - 14*r**2 + 11*r + 23. Calculate p(13).
-3
Let y(v) = 2*v**2 - 12*v - 107. Calculate y(-13).
387
Let p(l) = -l**3 - 6*l**2 - 6*l - 104. Calculate p(-9).
193
Let t(w) = w**3 + 16*w**2 - 3*w - 14. Calculate t(-16).
34
Let n(h) = -49*h + 91. Calculate n(4).
-105
Let s(k) = -3*k**3 + 8*k**2 + 4*k - 15. Determine s(3).
-12
Let o(w) = 665*w - 72476. What is o(109)?
9
Let f(m) = 176*m + 2283. Give f(-13).
-5
Let c(m) = -206*m + 19773. Calculate c(96).
-3
Let j(l) = l**2 - 142*l - 572. Calculate j(-4).
12
Let f(v) = -v**2 - 284*v - 3774. Determine f(-14).
6
Let h(w) = 135*w - 140. Give h(-7).
-1085
Let t(w) = -w**2 - 2*w + 71. Calculate t(-7).
36
Let c(u) = 1615*u - 1618. Give c(1).
-3
Let a(j) = -656*j + 5901. Calculate a(9).
-3
Let h(s) = -412*s - 2488. Calculate h(-6).
-16
Let w(h) = -5*h - 19. Determine w(1).
-24
Let h(p) = -5*p + 46. What is h(14)?
-24
Let y(s) = 854*s - 5126. Determine y(6).
-2
Let z(i) = 19532*i - 19541. Calculate z(1).
-9
Let j(d) = d**3 - 51*d**2 - 606*d - 269. Determine j(61).
-25
Let d(o) = -o - 63. Calculate d(-12).
-51
Let o(d) = -d**2 - 8*d - 37. What is o(-3)?
-22
Let a(t) = t**2 + t - 36. What is a(6)?
6
Let y(u) = -u**3 - 7*u**2 - 6*u + 6. Give y(-6).
6
Let i(m) = -78*m + 680. What is i(9)?
-22
Let m(k) = k**3 - 8*k**2 + 10*k + 2. Determine m(6).
-10
Let o(d) = -291*d**2 - 4*d - 4. Determine o(-1).
-291
Let t(s) = s**3 + 45*s**2 - 59*s - 910. Calculate t(-46).
-312
Let y(p) = -17*p - 268. What is y(-16)?
4
Let c(f) = -f**3 + 8*f**2 - 53*f + 24. Determine c(6).
-222
Let k(o) = -o**3 - 12*o**2 - 30*o + 6. What is k(-4)?
-2
Let x(k) = -k**2 + 197*k - 3079. What is x(18)?
143
Let b(o) =